et g(a) = -525*a**3 + 6*a - 7. Determine g(1).
-526
Let q(d) = -3*d**2 + 49*d - 168. Give q(12).
-12
Let p(k) = k**2 - 17*k - 128. Determine p(-7).
40
Let d(x) = -66*x - 92. Calculate d(-3).
106
Let m(n) = -n**3 + 14*n**2 + 352*n - 62. Determine m(27).
-35
Let y(s) = -s**2 - 112*s - 786. Give y(-106).
-150
Let l(h) = -h**3 + 2*h**2 + 384*h - 768. Give l(2).
0
Let p(c) = -c**3 - 9*c**2 + 19*c + 53. Give p(3).
2
Let w(r) = -7*r**2 + 20*r + 191. Give w(-4).
-1
Let j(m) = -19*m - 197. Determine j(-10).
-7
Let w(m) = m**3 + 46*m**2 - 45*m + 71. Determine w(-47).
-23
Let p(z) = 403*z + 41108. Calculate p(-102).
2
Let h(i) = 3*i**2 - 94*i + 212. What is h(29)?
9
Let r(a) = a**3 - a**2 - 6*a + 106. What is r(0)?
106
Let g(t) = -29*t - 259. Give g(-9).
2
Let s(h) = -23*h**2 - 105*h + 23. Give s(-6).
-175
Let t(x) = -17*x**2 - 57*x - 199. What is t(-4)?
-243
Let h(g) = -109*g**3 + g**2 - 2*g - 3. Determine h(2).
-875
Let p(g) = 2*g**3 + 142*g**2 - 317*g + 58. Calculate p(2).
8
Let u(r) = r**3 + 8*r**2 + 19*r + 65. Determine u(-6).
23
Let w(v) = v**2 + 25*v + 178. Give w(-6).
64
Let a(q) = -q**3 + 43*q**2 + 47*q - 2024. What is a(43)?
-3
Let g(b) = -b - 2. What is g(27)?
-29
Let w(y) = -1373*y - 10974. Calculate w(-8).
10
Let b(o) = o**3 + 4*o**2 - 93*o - 513. Determine b(-7).
-9
Let c(d) = 228*d + 467. Calculate c(-3).
-217
Let v(i) = -i**2 - 165*i - 4820. What is v(-38)?
6
Let q(h) = 1792*h - 7. Calculate q(0).
-7
Let v(y) = -18*y + 5. Determine v(-11).
203
Let t(g) = 73*g - 189. Calculate t(4).
103
Let v(b) = b**3 - 21*b**2 + 12*b - 104. Calculate v(21).
148
Let q(p) = -144*p - 1162. Determine q(-8).
-10
Let z(s) = -s**3 + 11*s**2 + 45*s - 237. Give z(13).
10
Let o(z) = -z**2 - 10*z + 1. Calculate o(-8).
17
Let h(m) = 3*m**3 + 25*m**2 + 41*m - 10. What is h(-6)?
-4
Let r(s) = -2*s**3 + 41*s**2 + 27*s - 120. Determine r(21).
6
Let b(g) = 3*g**2 - 1699*g + 5079. Determine b(3).
9
Let p(g) = 1333*g - 2672. Give p(2).
-6
Let j(u) = 4*u**2 - 279*u + 201. Determine j(69).
-6
Let f(a) = 19*a + 626. What is f(-30)?
56
Let a(s) = 342*s + 32. Determine a(-1).
-310
Let a(q) = -q**3 + 28*q**2 + 32*q - 132. What is a(29)?
-45
Let j(w) = 2*w**3 - 127*w**2 - 33*w - 2028. Calculate j(64).
-44
Let u(i) = -6*i + 22. What is u(-7)?
64
Let y(n) = n**3 - 25*n**2 - 20*n + 481. Give y(25).
-19
Let w(s) = -s + 9. Determine w(13).
-4
Let v(p) = 4*p**2 + 682*p - 3506. What is v(5)?
4
Let m(g) = -4*g**3 - 41*g**2 - 48*g - 24. Determine m(-9).
3
Let n(k) = 411*k + 4506. Give n(-11).
-15
Let r(c) = -38*c + 147. Give r(4).
-5
Let k(v) = v**3 + 23*v**2 - 28*v - 19. Give k(-24).
77
Let j(c) = -c**2 - 35*c + 718. Calculate j(-49).
32
Let h(i) = i**3 - 12*i**2 - 159*i + 1725. Give h(15).
15
Let h(i) = i**2 - 69*i + 1075. Calculate h(23).
17
Let h(x) = 1232*x + 4927. Calculate h(-4).
-1
Let n(g) = -80*g + 36. Calculate n(1).
-44
Let r(s) = -173*s - 786. Determine r(-4).
-94
Let k(o) = 789*o - 4761. Calculate k(6).
-27
Let b(c) = -8*c**3 + 144*c**2 - c + 24. What is b(18)?
6
Let n(d) = d**3 - 21*d**2 - 65*d - 851. Calculate n(25).
24
Let y(k) = 4436*k**2 + 17744*k - 7. Determine y(-4).
-7
Let g(h) = -156*h + 3. Give g(0).
3
Let t(x) = 3*x**3 + 109*x**2 + 116*x + 2883. Determine t(-36).
3
Let p(d) = 2*d**3 - 29*d**2 + 83*d - 9. Give p(4).
-13
Let u(l) = 340*l - 1365. Determine u(4).
-5
Let h(o) = 3*o**3 + 20*o**2 - 11*o - 28. What is h(-7)?
0
Let n(g) = -47*g - 13204. Calculate n(-281).
3
Let b(k) = -7*k**3 + 18*k**2 - 27*k + 10. Determine b(1).
-6
Let g(s) = s**3 + 27*s**2 + 26*s - 11. Calculate g(-26).
-11
Let t(w) = -354*w - 7737. Determine t(-22).
51
Let v(r) = 87*r**3 - 2*r**2 + 2*r. Calculate v(1).
87
Let p(f) = f**3 - 14*f**2 + 25*f + 1. Calculate p(2).
3
Let d(v) = -v**3 + 19*v**2 - 31*v + 17. What is d(18)?
-217
Let i(s) = -3*s**2 - 84*s - 61. Give i(-28).
-61
Let k(u) = -11*u - 511. Calculate k(-47).
6
Let i(h) = -5*h**2 - 6*h - 16. Calculate i(-2).
-24
Let i(t) = t**3 - 8*t**2 - 63*t + 11. Determine i(-8).
-509
Let s(w) = 71*w - 2319. Determine s(31).
-118
Let a(b) = b**2 + 6*b - 235. Give a(11).
-48
Let m(q) = 2*q**3 - 4*q**2 + 6*q - 7. Give m(2).
5
Let b(z) = -11*z**2 - 4*z - 10. Give b(-2).
-46
Let p(n) = n**3 - 44*n**2 + 261*n - 63. Determine p(37).
11
Let p(z) = 182*z**2 + 3635*z - 39. Give p(-20).
61
Let x(u) = -u**3 + 16*u**2 - 2*u - 93. Determine x(15).
102
Let v(i) = -i**3 - 42*i**2 + 138*i + 136. Give v(-45).
1
Let v(b) = -b + 41. What is v(59)?
-18
Let b(f) = -f**2 + 69*f + 1793. What is b(-20)?
13
Let m(o) = 12*o + 577. Give m(-52).
-47
Let i(w) = w**2 + 404*w + 5561. What is i(-14)?
101
Let g(j) = j**3 + 74*j**2 - 151*j + 63. Give g(-76).
-13
Let z(q) = -3*q**2 - 22*q - 35. What is z(-11)?
-156
Let p(h) = -11*h**2 - 61*h + 2810. Give p(-19).
-2
Let r(i) = 23*i - 1585. Determine r(64).
-113
Let l(i) = 2*i**3 - 49*i**2 + 29*i - 61. Give l(24).
59
Let d(f) = 43*f + 11132. What is d(-258)?
38
Let l(p) = p**2 - 76*p - 248. Calculate l(79).
-11
Let r(f) = -3*f**3 - 109*f**2 - 46*f - 179. Give r(-36).
181
Let z(c) = -3*c**2 + 40*c - 129. Give z(8).
-1
Let b(w) = -234*w**3 - w - 2. Determine b(-1).
233
Let w(c) = c**3 - 18*c**2 + 75*c + 39. Give w(8).
-1
Let a(g) = g**2 + 131*g - 6633. Determine a(39).
-3
Let m(w) = -2*w**3 + 11*w**2 + 86*w - 480. Determine m(6).
0
Let q(h) = -162*h + 45. Give q(0).
45
Let w(a) = a**3 + 20*a**2 + 74*a - 22. Give w(-15).
-7
Let p(r) = -48*r + 639. Give p(13).
15
Let w(v) = v**3 - 82*v**2 + 1652*v + 180. Give w(46).
-4
Let c(q) = 18*q**2 - 16*q + 11. Calculate c(4).
235
Let p(o) = o**3 + 56*o**2 - 657*o + 201. Calculate p(-66).
3
Let w(b) = 5*b**3 + 355*b**2 - 10*b - 705. Calculate w(-71).
5
Let r(x) = -124*x - 7064. What is r(-57)?
4
Let z(k) = -3*k**2 + 33*k - 1. What is z(11)?
-1
Let d(l) = 7*l + 80. Determine d(10).
150
Let y(i) = 698*i - 2050. Calculate y(3).
44
Let y(o) = -97*o + 116. What is y(1)?
19
Let s(d) = d**2 + 995*d + 44475. What is s(-47)?
-81
Let w(i) = -15*i**2 + 8*i - 32. Give w(2).
-76
Let y(i) = 78*i - 6004. What is y(77)?
2
Let t(v) = 1214*v - 15792. Determine t(13).
-10
Let b(t) = 2*t**2 - 281*t + 2805. Give b(129).
-162
Let y(o) = 4*o**3 - 110*o**2 - 55*o - 24. What is y(28)?
4
Let p(y) = -y**2 - 37*y - 344. Determine p(-11).
-58
Let o(b) = 35921*b - 215530. What is o(6)?
-4
Let v(l) = -5*l**2 + 298*l + 1072. Determine v(63).
1
Let b(k) = k**3 - 2*k**2 + 21*k + 177. Determine b(0).
177
Let x(j) = -11*j**2 - 227*j - 138. What is x(-20)?
2
Let z(j) = -2*j**3 - 13*j**2 + 25*j + 12. What is z(-7)?
-114
Let p(q) = -q**3 - 34*q**2 + 73*q + 15. Determine p(-36).
-21
Let n(w) = 50*w - 1053. Calculate n(22).
47
Let w(y) = -8*y**2 + 112*y - 39. Calculate w(14).
-39
Let k(i) = -40*i - 636. Determine k(-16).
4
Let d(u) = -4*u**2 - 26*u. Determine d(-1).
22
Let f(i) = -i**3 - 31*i**2 - 23*i - 4. Determine f(-30).
-214
Let d(c) = -1183*c - 19. Calculate d(0).
-19
Let r(y) = 7*y**2 + 103*y - 161. Determine r(-16).
-17
Let k(j) = 72*j - 10. Give k(4).
278
Let w(g) = 2*g**2 + 48*g + 30. Calculate w(-4).
-130
Let w(s) = 13*s**2 + 85*s + 82. What is w(-4)?
-50
Let l(o) = 6*o**2 + 51*o - 33. Calculate l(-7).
-96
Let a(v) = -1261*v + 11345. Determine a(9).
-4
Let d(m) = -20*m**2 + 173*m + 175. Determine d(-1).
-18
Let z(c) = -149*c - 6405. Calculate z(-43).
2
Let f(k) = 3*k**2 - 103*k - 58. What is f(29)?
-522
Let l(j) = -9*j**2 + 278*j + 52. Determine l(31).
21
Let d(m) = m**3 + 68*m**2 - 2*m - 142. Determine d(-68).
-6
Let d(c) = c**2 - 11*c - 40. What is d(-3)?
2
Let m(r) = -3*r**3 + 162*r**2 - 155*r - 208. What is m(53)?
4
Let m(k) = -7*k - 1009. Give m(-143).
-8
Let h(v) = 2*v**2 - 15*v + 79. Give h(4).
51
Let z(h) = -5*h**2 - 26*h - 118. Determine z(-4).
-94
Let s(q) = 37*q + 1110. What is s(-30)?
0
Let j(y) = 2*y**2 + 13*y - 121. Give j(-11).
-22
Let y(n) = 302*n + 753. Calculate y(-3).
-153
Let z(w) = -2*w**3 - 2*w**2 + 13*w - 9. What is z(-5)?
126
Let h(y) = -y**3 - 23*y**2 - 74*y + 15. What is h(-19)?
-23
Let j(v) = 3*v**2 - 148*v - 3058. Give j(65).
-3
Let i(q) = -4*q**2 + 127*q - 216. Determine i(30).
-6
Let m(k) = -k**3 + 2*k**2 + 40*k - 119. Give m(3).
-8
Let y(m) = -m**3 + 12*m**2 + m + 80. Give y(0).
80
Let j(s) = 4*s**3 - 92*s**2 - 6*s + 114. Determine j(23).
-24
Let n(d) = -27*d**2 - 154*d + 6. Give n(-8).
-490
Let